lse
Is 7 a factor of 1986467602?
True
Does 24 divide 325814678?
False
Is 1973030184 a multiple of 676?
False
Is 21437334 a multiple of 6864?
False
Is 59 a factor of 1185159807?
False
Is 32 a factor of 109644608?
True
Is 842731323 a multiple of 352?
False
Does 716 divide 147420104?
True
Is 73 a factor of 932807238?
False
Is 9 a factor of 49326217?
False
Is 8 a factor of 102341712?
True
Is 41893260 a multiple of 241?
False
Is 57 a factor of 2579054099?
False
Is 468 a factor of 10676960?
False
Is 157 a factor of 145429428?
False
Is 101633408 a multiple of 32?
True
Is 8 a factor of 19342080?
True
Is 21 a factor of 342020203?
False
Is 4536103940 a multiple of 178?
True
Is 12 a factor of 22408632?
True
Is 13 a factor of 46950593?
False
Is 1005366507 a multiple of 57?
False
Does 155 divide 115445396?
False
Is 20 a factor of 82620320?
True
Is 12880325 a multiple of 4?
False
Is 1375025505 a multiple of 245?
True
Is 11650865 a multiple of 1095?
False
Does 18 divide 66450768?
False
Is 10 a factor of 43025312?
False
Is 2794 a factor of 1935465268?
True
Does 425 divide 62392125?
True
Is 7 a factor of 430805851?
True
Is 15 a factor of 7975485?
True
Is 224609059 a multiple of 20?
False
Does 261 divide 7188761?
False
Does 5641 divide 70324324?
False
Is 1457043066 a multiple of 24?
False
Does 1030 divide 4258559720?
True
Is 617661932 a multiple of 7?
False
Is 9354588 a multiple of 22?
False
Is 400312193 a multiple of 14?
False
Does 4544 divide 47639296?
True
Does 890 divide 172105530?
True
Does 42 divide 2925530?
False
Is 15 a factor of 66674799?
False
Does 796 divide 11279523?
False
Does 14 divide 13034164?
False
Is 85 a factor of 14699900?
True
Is 681454294 a multiple of 311?
False
Is 4 a factor of 20380504?
True
Is 29485118 a multiple of 1208?
False
Does 3665 divide 532249625?
True
Is 25 a factor of 1643513?
False
Is 35151435 a multiple of 15?
True
Is 6828000 a multiple of 96?
True
Is 23 a factor of 1381737443?
True
Does 456 divide 11594894?
False
Is 52 a factor of 112075860?
True
Is 49 a factor of 377276823?
True
Is 118818000 a multiple of 46?
True
Is 243914616 a multiple of 24?
True
Does 26 divide 423896772?
True
Is 2143 a factor of 118647195?
True
Does 192 divide 30617731?
False
Is 102136602 a multiple of 116?
False
Does 11 divide 1778007080?
False
Is 1941238750 a multiple of 155?
False
Is 643796189 a multiple of 224?
False
Does 4 divide 2990905?
False
Is 31 a factor of 471794448?
False
Is 3321 a factor of 271976616?
True
Is 13829841 a multiple of 31?
False
Is 12019614 a multiple of 84?
False
Is 10 a factor of 12166526?
False
Is 9 a factor of 22294692?
True
Is 2219890590 a multiple of 12?
False
Is 201 a factor of 11265447?
True
Is 581116698 a multiple of 1074?
True
Is 14608634 a multiple of 2?
True
Is 5 a factor of 4387870?
True
Is 749 a factor of 189614977?
False
Is 491 a factor of 265024124?
True
Is 128 a factor of 9935744?
True
Is 869609670 a multiple of 10982?
True
Is 4349243535 a multiple of 7917?
True
Is 35933965 a multiple of 4?
False
Is 35 a factor of 1399103?
False
Does 456 divide 3295512?
True
Is 307417242 a multiple of 2078?
True
Is 41 a factor of 157940161?
False
Does 1489 divide 31663636?
False
Is 67 a factor of 2870253?
False
Is 23 a factor of 11418669?
False
Is 139 a factor of 40138195?
False
Is 42697257 a multiple of 19?
False
Is 29 a factor of 195072859?
False
Does 29 divide 175102696?
True
Is 951 a factor of 55970154?
True
Does 112 divide 114307088?
True
Does 10 divide 34108175?
False
Is 1190 a factor of 58803850?
True
Is 5553320 a multiple of 20?
True
Does 155 divide 337957266?
False
Is 3762003 a multiple of 2288?
False
Is 179445919 a multiple of 143?
False
Does 9130 divide 1331542058?
False
Does 208 divide 125702676?
False
Is 295 a factor of 148991520?
True
Does 13 divide 96473130?
True
Does 68 divide 10606640?
True
Does 91 divide 28732249?
True
Is 116644320 a multiple of 1206?
True
Is 468 a factor of 25298676?
True
Does 7 divide 2648387?
True
Does 31 divide 540659876?
False
Is 833517858 a multiple of 1138?
True
Does 21 divide 112645714?
False
Is 19725858 a multiple of 69?
True
Is 308769090 a multiple of 10?
True
Does 6100 divide 3419216400?
False
Is 12 a factor of 22081735?
False
Is 50 a factor of 3736800550?
True
Does 64 divide 216567697?
False
Is 3433 a factor of 799998856?
True
Does 83 divide 95386007?
True
Does 34 divide 2124626340?
True
Is 220056533 a multiple of 23?
False
Is 9 a factor of 14530668?
False
Is 369 a factor of 230362542?
False
Does 20 divide 22962684?
False
Does 9 divide 44024546?
False
Is 101 a factor of 357240523?
False
Is 64 a factor of 13379664?
False
Is 142128919 a multiple of 41?
True
Is 21155981 a multiple of 7?
True
Does 1173 divide 64989914?
False
Does 1217 divide 65029881?
False
Is 11072 a factor of 2145274777?
False
Is 64367198 a multiple of 259?
True
Is 280 a factor of 253959414?
False
Does 98 divide 302291290?
True
Does 161 divide 91465788?
False
Is 486 a factor of 39671588?
False
Is 1746 a factor of 80336001?
False
Is 258 a factor of 90549935?
False
Does 123 divide 196848585?
True
Is 342049736 a multiple of 5?
False
Does 4 divide 56885864?
True
Is 22222971 a multiple of 2439?
False
Is 50475290 a multiple of 965?
True
Is 9474180 a multiple of 30?
True
Does 25 divide 30336788?
False
Does 757 divide 1092980350?
False
Does 1370 divide 35529580?
True
Does 125 divide 371030000?
True
Is 365 a factor of 1150920657?
False
Is 31 a factor of 24615507?
False
Is 522865367 a multiple of 2904?
False
Does 93 divide 31843374?
False
Does 1205 divide 702305330?
True
Is 3489 a factor of 74346348?
False
Is 7041 a factor of 378177567?
False
Does 26 divide 11681514?
True
Is 10 a factor of 144749720?
True
Does 6 divide 78457260?
True
Is 71 a factor of 9175230?
False
Is 32 a factor of 594096512?
True
Does 46 divide 7454346?
True
Does 212 divide 8765875?
False
Is 826282251 a multiple of 79?
True
Is 39 a factor of 62487357?
False
Is 16 a factor of 1503654?
False
Does 9 divide 2505221055?
True
Is 2907895280 a multiple of 246?
False
Is 59788408 a multiple of 1651?
False
Is 9 a factor of 59554665?
True
Is 464 a factor of 53429600?
True
Does 42 divide 25299393?
False
Does 165 divide 94133939?
False
Is 90783580 a multiple of 8?
False
Is 270 a factor of 262056373?
False
Is 49 a factor of 38686088?
True
Is 535 a factor of 7845775?
True
Does 292 divide 50390148?
True
Is 119 a factor of 7318024?
True
Is 21322115 a multiple of 11?
False
Is 21 a factor of 20153664?
False
Does 279 divide 2386008?
True
Does 594 divide 20819106?
True
Does 15 divide 2070009634?
False
Does 8 divide 11113613?
False
Is 64 a factor of 1773783040?
True
Is 27752536 a multiple of 232?
True
Is 12894233 a multiple of 621?
False
Is 22 a factor of 1135522?
False
Is 369 a factor of 48040479?
True
Is 9 a factor of 5767434?
True
Is 47 a factor of 18255698?
False
Is 386527697 a multiple of 6?
False
Does 361 divide 1690367338?
True
Does 2 divide 5034097?
False
Does 10 divide 60894600?
True
Is 19 a factor of 14653072?
False
Is 58396385 a multiple of 586?
False
Does 186 divide 145572703?
False
Is 5 a factor of 81140790?
True
Is 2836506299 a multiple of 55?
False
Does 631 divide 2688691?
True
Is 13 a factor of 236509231?
False
Is 332 a factor of 1172874395?
False
Does 292 divide 11682920?
True
Does 13 divide 368742006?
False
Does 266 divide 168583086?
True
Is 70 a factor of 565859210?
True
Is 114584928 a multiple of 8587?
True
Is 1577520 a multiple of 35?
True
Is 61 a factor of 66179596?
False
Is 28 a factor of 1212116500?
True
Is 346608135 a multiple of 121?
False
Is 190708220 a multiple of 2543?
False
Does 238 divide 20591046?
True
Is 4774 a factor of 1525050416?
False
Is 29109420 a multiple of 18?
True
Is 472 a factor of 999979606?
False
Is 216971460 a multiple of 402?
True
Is 60 a factor of 40748280?
True
Is 19208512 a multiple of 59?
True
Is 30 a factor of 29094180?
True
Does 320 divide 36799040?
True
Does 308 divide 97635612?
False
Does 6 divide 100873728?
True
Is 57457701 a multiple of 189?
True
Is 859000683 a multiple of 223?
True
Is 236 a factor of 33929956?
True
Is 307371816 a multiple of 138?
True
Is 474 a factor of 49255236?
True
Is 24866801 a multiple of 637?
False
Is 199 a factor of 11441505?
True
Is 27 a factor of 5841999?
False
Does 35 divide 51331813?
Fals